) + a?
10
Let j(q) = q**2 + 16. Let l be j(0). Let k = -9 + l. Suppose 12 = 2*y + 3*u - 22, -y + 14 = 3*u. Calculate the remainder when y is divided by k.
6
Suppose -2*z - 5 = -15. Calculate the remainder when 39 is divided by ((-28)/z)/(10/(-25)).
11
Suppose -2*o = -4 - 2. Suppose 0 = 3*t - o - 3. Calculate the remainder when 5 is divided by t.
1
Let n = 3 + -3. Suppose -4*c + 9*c + 35 = n. Let s(i) = -i**2 - 15*i - 6. What is the remainder when s(c) is divided by 13?
11
Let h(m) = m + 10. Let r be h(-6). Suppose -22 = -2*t + 3*x, r*x - 10 = -2. Calculate the remainder when t is divided by 4.
2
Let f = 38 - 72. Let q = f + 52. Calculate the remainder when 56 is divided by 1 + 7/(7/q).
18
Let f = 241 + -162. Calculate the remainder when f is divided by 9.
7
Suppose 1175 = 4*w + c, -w - w + c = -595. Suppose -3*i - 2*i = -w. Calculate the remainder when i is divided by 15.
14
Suppose 0 = z + k + 45, 5*z = 3*z - 4*k - 80. Let b = 2 - z. What is the remainder when b is divided by 14?
10
What is the remainder when 1/(-2) - (-9)/6 is divided by 3/(-2)*10/(-15)?
0
Let p = -6 + 8. Suppose -6*d + 246 = -3*d. Suppose p*s = -0*k - k + 56, 3*s = -k + d. What is the remainder when s is divided by 14?
12
Let j be 12*(12/(-8) - -1). What is the remainder when (8/6)/(j/(-81)) is divided by 10?
8
Suppose -98 = 9*a - 278. Calculate the remainder when 37 is divided by a.
17
Let a = -5 - -9. Suppose 0 = -u - k + 18, 0*k = a*u + 5*k - 72. What is the remainder when 71 is divided by u?
17
Suppose 3*m - 97 = -x, 5*m + 3*x - 67 = 3*m. What is the remainder when 76 is divided by m?
12
Suppose 0*o + 2*g + 6 = -2*o, o - 7 = g. Let u(h) = -h - 7. What is the remainder when o is divided by u(-8)?
0
Calculate the remainder when 332/36 + (-2)/9 is divided by 2.
1
Suppose j - 35 = 2*b, -j + 5*b = -10 - 31. Let v(m) = 4*m + 4. Calculate the remainder when j is divided by v(3).
15
Let d(w) = w + 14. Let h be d(-12). Suppose 0 = -h*x + 9 + 21. Calculate the remainder when 28 is divided by x.
13
Let p(j) = 3*j**3 - 7*j**2 - 4*j + 6. Let h(v) = 2*v**3 - 5*v**2 - 3*v + 4. Let c(m) = -7*h(m) + 5*p(m). Calculate the remainder when 2 is divided by c(0).
0
What is the remainder when 21 is divided by (-3)/(-6) - (-126)/12?
10
Let n(c) = 8*c - 2. Suppose -4*o - 3*g + 60 = -2*g, 4*g = -2*o + 16. What is the remainder when n(6) is divided by o?
14
Suppose -7*o + 3*o = -36. Let q(i) = -13*i + 40. Calculate the remainder when q(2) is divided by o.
5
Let o = -1 - -2. Let j(s) = 44*s**3 - 2*s**2 + 2*s - 1. Let i be j(o). Suppose 2*b - 3*b + i = 0. What is the remainder when b is divided by 15?
13
Let d = -67 + 56. Let r = 24 + 17. Let b = d + r. Calculate the remainder when b is divided by 16.
14
Calculate the remainder when (-12)/42 + 527/7 is divided by 26.
23
Let v = 30 + -28. Suppose 4*p = -g + 7*p + 7, 0 = 3*g + p - 11. Suppose -g = -y - 3. What is the remainder when v is divided by y?
0
What is the remainder when (-1*1)/(7/(-14)) is divided by 2?
0
Suppose 52 + 116 = 6*n. What is the remainder when 3 is divided by (-2 - 0)*(-14)/n?
0
Let t be (-5)/(-10) - (-286)/(-4). Let l = t - -118. Let f = l + -32. Calculate the remainder when 44 is divided by f.
14
Suppose -2*r - 20 = -5*c - 5*r, 3*r + 22 = c. Let x be -5*(3 - 2)*2. Let t = -6 - x. Calculate the remainder when c is divided by t.
3
Suppose -z - 2*z = -60. Let b(a) = a**2 + 3*a - 63. What is the remainder when z is divided by b(7)?
6
Let b(w) = -7*w - 23. What is the remainder when b(-7) is divided by (-1)/(1 + (-20)/18)?
8
Let j(d) be the second derivative of -d**3/6 + 8*d**2 - 4*d. Calculate the remainder when 15 is divided by j(7).
6
Let v = -2 - -6. Suppose 0 = -5*z + 25, -4*m + v = -3*z - 9. Let d(n) = 3*n**3 + 2*n**2 - 1. What is the remainder when m is divided by d(1)?
3
Let g = -12 - -15. What is the remainder when 10 is divided by g?
1
Suppose -j = 2*q + 1, -j - 5*q = j + 4. Suppose j*g - 5*g + 10 = 0. What is the remainder when 7 is divided by g?
2
Suppose 0 = i - 8 + 4. Suppose 20 = i*o - 24. Suppose -2*f = -3*f + 6. Calculate the remainder when o is divided by f.
5
Let u = -170 - -182. Suppose -82 - 88 = -5*s. Calculate the remainder when s is divided by u.
10
Suppose 2*p + 3*g - 19 = -5, -11 = -3*p - 2*g. Let w(q) = q + p + 2 + 1. What is the remainder when w(9) is divided by 5?
3
Let m(n) = -10*n - 7. What is the remainder when 48 is divided by m(-2)?
9
Let z(i) = 8*i + 8. Let x be z(-7). Let j = x + 82. Suppose 0 = 3*q - 2*q - j. What is the remainder when q is divided by 18?
16
Suppose 6*f - 4 = 4*f. Let k(n) = -2 - 5*n**f + 6*n**2 + 8. What is the remainder when k(5) is divided by 8?
7
Let s(f) = -f**3 + 10*f**2 - 4*f + 18. Calculate the remainder when s(9) is divided by 33.
30
Suppose 92 - 32 = 4*s. Calculate the remainder when 27 is divided by s.
12
Let b(q) = q + 14. Let n(y) = -y + 12. Let j(w) = -4*w + 35. Let z(r) = -6*j(r) + 17*n(r). Calculate the remainder when z(4) is divided by b(-8).
4
Let m be 5/20 + 21/12. Suppose -2 - 40 = -m*l. What is the remainder when 80 is divided by l?
17
Let k(q) = q**3 - 11*q**2 + 6*q + 5. Let f(r) = 2*r**3 - 22*r**2 + 11*r + 9. Let b(c) = 2*f(c) - 5*k(c). What is the remainder when 24 is divided by b(10)?
11
Suppose 5*s - m - 103 = s, 0 = 5*s - 3*m - 134. Suppose 8*n - 3*n - 360 = 0. Calculate the remainder when n is divided by s.
22
Let u = -20 - -29. Let c = -15 - -21. What is the remainder when u is divided by c?
3
Suppose -2*b - 27 = 2*r - 117, 0 = -5*r + 4*b + 261. Calculate the remainder when r is divided by 17.
15
Suppose -4*z = 0, -6 = -b - 2*b + 5*z. Calculate the remainder when 3 is divided by b.
1
What is the remainder when (-8)/3*(-3 - 0) + 1 is divided by 4?
1
Let p(q) = q**3 - 1 - 3*q**2 + 5*q**2 + 3*q**2. Let a be p(-4). Let b = 11 + a. Calculate the remainder when b is divided by 9.
8
Let i(y) = -y**3 - 4*y**2 - 12*y + 3. What is the remainder when i(-6) is divided by 25?
22
Let h(c) = 7*c + 2. Let o(j) = 85*j + 25. Let m(i) = -25*h(i) + 2*o(i). Let z be m(-6). Let k = z - 6. Calculate the remainder when k is divided by 9.
6
Let a(u) = -u**2 + 3*u + 7. Let h be a(5). Let s be (-1)/(h*(-2)/18). Let v = 6 + s. What is the remainder when 5 is divided by v?
2
Let w(l) = -l**3 - 7*l**2 - 8*l - 2. Let a = 4 + -5. Calculate the remainder when (-1)/(0 - a/(-18)) is divided by w(-6).
8
Suppose -5*k - 3*y = -226, -126 = -3*k - 7*y + 2*y. What is the remainder when k is divided by 12?
11
Let o(v) = -3*v + 2. Suppose -4*u = -u - 9. What is the remainder when o(-2) is divided by u?
2
Suppose d - 5*d + 8 = 0. Suppose 5*l - 5*p + 5 = 0, -4*p + p = 15. What is the remainder when -3*(-1 - (-4)/l) is divided by d?
1
Suppose 51 + 9 = 4*b. What is the remainder when 43 is divided by b?
13
Suppose 0*v = -v + 6. Calculate the remainder when 23 is divided by v.
5
Suppose 0 = 5*d - 8 - 2. Suppose 2*y + 3*f - 35 = 0, 0 = -f + 5 - d. Let p = 56 - 18. Calculate the remainder when p is divided by y.
12
Calculate the remainder when 122 is divided by 4*(42/24 - -6).
29
Suppose 0 = 4*x + s - 6*s - 17, -5*x = -s - 37. Calculate the remainder when x is divided by 6.
2
Suppose 5*r - 252 = 23. Suppose 4*t = r + 105. What is the remainder when t is divided by 21?
19
Suppose 0 = v - 4 - 7. Calculate the remainder when 97 is divided by v.
9
Suppose 2*t - 94 - 8 = 0. Calculate the remainder when t is divided by 26.
25
Let q be -55 + 1 + -4 + 0. Let p = -22 - q. What is the remainder when 53 is divided by (-8)/p + (-128)/(-9)?
11
Suppose 2*c - 8 = 3*h, 2*h = 3*h + 5*c + 14. Let g be h/(-5)*15/6. Suppose g*n = 8 + 32. What is the remainder when n is divided by 11?
9
Suppose -5*b = 24 - 129. Suppose 4*q = -4*h + 36, -2 = -3*h - 4*q + b. What is the remainder when 24 is divided by h?
11
Suppose -1 - 7 = -4*z. Calculate the remainder when (4/(-10))/(14/(-70)) is divided by 4/(-6)*(-3)/z.
0
Suppose -2*p = -2*i + 32, -2*i + 3*i - 10 = 3*p. Calculate the remainder when i is divided by 7.
5
Let g = -137 + 144. What is the remainder when 68 is divided by g?
5
Calculate the remainder when 54 is divided by ((-6)/9)/(2/(-6)) + 12.
12
Let m(p) = p**2 - p + 17. Calculate the remainder when 3286/53*((-1)/2 + 1) is divided by m(0).
14
Let o = -20 - -34. Let m be (-14)/(-49) - 4/o. What is the remainder when 9 i